- u**2 + 7*u. Let c be m(1). Let k = c + 132. Is k a prime number?
False
Let i(k) = 3*k**2 + 32*k - 65*k + 1 + 35*k. Let f be i(-1). Suppose -3*y + d + 4912 = 0, 0 = f*d + 3*d + 5. Is y a prime number?
True
Suppose n - 15 = -l, 0*l - 30 = -2*n - l. Suppose n - 12 = 3*t. Let s(y) = 140*y**2 + 5*y - 4. Is s(t) a prime number?
False
Let v = 9 - 8. Suppose 0 = 2*s - 0*s - 2*n - 12, 3*s = 4*n + 20. Suppose 0 = 5*m + 2*p - 71, s*m - 57 = -2*p - v. Is m prime?
False
Suppose 4*y = -5*z - 4080, -4*y = -5*z - 5*y - 4095. Suppose 2049 - 8205 = 12*o. Let q = o - z. Is q composite?
False
Let s(b) = 6467*b**2 + 1225*b - 11. Is s(-7) a composite number?
True
Let m(o) = o - 1. Let d(l) = 50*l - 42. Let c(y) = -d(y) + 5*m(y). Let r be c(4). Let z = 300 + r. Is z prime?
True
Is (3047634/(-27) - 4/(-3))/(-2) composite?
False
Let a(l) = -155*l - 3279. Is a(-52) prime?
False
Let z = 48237 + -24340. Is z a composite number?
True
Let u be (3 - 2) + -4 + 5*3. Let f be u*1/4 - -449*1. Suppose 54*z - f = 52*z. Is z a prime number?
False
Let l = 92614 + 391825. Is l a prime number?
True
Suppose -3*c - 7*c = -30. Let o be (-3)/2*8/c + 6. Is (-652)/(-3) - (o - 20/12) composite?
True
Let m(v) = v**2 + 15*v - 37. Let y be m(-21). Suppose y*z + 45749 = 4*o + 92*z, 4*z = o - 11423. Is o prime?
False
Let w(y) = 39 + 57 - 4*y + 3*y - 72. Let l be w(7). Suppose l*p = 7*p + 9070. Is p a prime number?
True
Suppose 0*x = -x - 30*x. Suppose -p + 6*p - 161015 = x. Is p a composite number?
False
Let h(s) = -1058*s - 235*s + 431*s + 17. Suppose 0 = 2*x - 6*m + 2*m, 2*x - 5*m - 3 = 0. Is h(x) prime?
True
Is (-8)/(-208)*13*(1 + 202107) a prime number?
False
Let a be -979 - (-7 + (10 - -5)) - 4/(-2). Suppose 0 = -4*j + 23222 - 5830. Let v = j - a. Is v a prime number?
True
Let w(x) = 30 + 2*x**3 - 3*x**3 - 29 + 3*x - 2*x**2. Let v be w(-4). Let u(t) = -t**3 + 22*t**2 + 10*t - 22. Is u(v) composite?
True
Let j(u) = 2135*u**2 + 30*u + 73. Is j(-24) composite?
False
Is (792/(-9))/(-8) + 140958 prime?
False
Suppose m + 4*m - g - 16 = 0, -4*g + 36 = 5*m. Let t(a) = 2*a**2 + 27*a - 83. Let x be t(3). Is 10037/m - (-3 - -7)/x a prime number?
False
Let u(z) = 13*z - 10 + 3 - 5 + 2. Let k be u(1). Suppose -c = -0*c - k*x - 374, -3*c = -x - 1082. Is c a composite number?
False
Let g = 48716 - 28089. Is g a prime number?
True
Let g(r) = -7967*r**3 - 14*r**2 - 34*r + 58. Is g(-5) prime?
False
Is (-11)/(-99) - ((-16)/(-56) - 46834274/63) composite?
False
Let f be (-32)/(-48) + 2/(-3). Suppose -19*a + 14*a + 30 = f. Is (6 - 34/a)*1*2343 composite?
True
Suppose 0 = j + 5*a - 2*a - 8, 4*j - 3*a = 77. Suppose 4*k + 5*c - 37 = 0, 2*k - k = 4*c - j. Suppose 4*t = -3*p + 326 + 1571, k*t - 3 = 0. Is p composite?
False
Suppose 3*a - 6742 - 13493 = -2*y, -2*a + 13510 = -2*y. Is a prime?
False
Let u(c) = 69*c + 34. Let j(g) = g**2 + 27*g + 101. Let f be j(-4). Is u(f) a composite number?
True
Is (18 - 962/52) + -1 + (-728618)/(-4) a prime number?
False
Let l be 35936*-2*-1 - -1. Suppose 6*r - 14365 = -a + 2*r, 0 = -5*a + 4*r + l. Suppose -c = -10*c + a. Is c composite?
False
Let c(b) = -2*b**3 - 38*b**2 - 12*b - 37. Suppose 9*u = -5*u - 322. Is c(u) composite?
True
Let r = -9402 + 18676. Is r a prime number?
False
Suppose 0 = -20*w + 15*w + 15605. Let c = -1033 + w. Suppose 9*m - c = 14913. Is m composite?
False
Let o = -325 - -337. Is 6176/3 + o/36 prime?
False
Let r(w) be the second derivative of -56*w**3/3 + 153*w**2/2 - 145*w. Is r(-20) a prime number?
True
Let w = -521497 + 1171946. Is w a prime number?
True
Let c(s) = -s + 1. Let l(b) = -b - 5. Let k(u) = c(u) + l(u). Let p be k(3). Is (-886)/p + 16/40 a composite number?
False
Let i = -4546 - -6803. Is i a prime number?
False
Is (((-6)/(-12))/((-12)/(-39912)))/((-1)/(-3)) a composite number?
True
Let t(d) = -d**3 - 2*d**2 + 5*d + 3. Let w be t(-4). Let o = w - 142. Let j = 30 - o. Is j prime?
True
Let f(w) = 472*w + 25. Let x be (-2)/4*-6 + 5/(-5). Suppose -n = x*j - 11, -5*j + j = -5*n - 1. Is f(j) a prime number?
True
Let h(v) = 3464*v + 2353. Is h(24) a composite number?
True
Let f(o) = 1112*o + 61. Let m = -211 - -217. Is f(m) composite?
False
Suppose -3*f - x = -455717, f - 2*x - 230437 + 78522 = 0. Is f a prime number?
False
Suppose -2*z + 2*o = -340710, 7006676 = 24*z + o + 2918056. Is z prime?
False
Let x(r) = -19*r + 85 + 26*r + 17*r. Is x(4) a prime number?
True
Let d be ((-44630)/(-35))/(2/14). Let s = 14933 - d. Is s a composite number?
False
Suppose 7*c - 7543 = 6898. Let g = 5261 - 2321. Let s = g - c. Is s a prime number?
True
Let k(w) = -3*w**2 + 9*w - 3. Let b(g) = 4*g**2 - 13*g + 3. Let j(q) = 1. Let h(t) = b(t) + j(t). Let c(i) = -5*h(i) - 8*k(i). Is c(5) a prime number?
False
Suppose -3*w = 5*r - 71, 5*r - 20 = -0. Suppose -2*z = w*z - 64771. Is z a prime number?
False
Let y(c) = 17*c - 19. Let l(k) = 37*k - 38. Let b(j) = -3*l(j) + 7*y(j). Let m(t) = t + 4. Let h be m(3). Is b(h) prime?
True
Let g(j) be the third derivative of 13*j**4/4 - 97*j**3/6 - 52*j**2. Is g(21) prime?
False
Let m(s) = -1477*s + 3. Let d(y) = 3*y - 10. Let n be d(2). Is m(n) a composite number?
True
Suppose -16*j - 59809 = 230783. Let y = -10765 - j. Is y a prime number?
False
Suppose 0 = -j - j - 4*j. Suppose 4*t - 16 = 0, 2*p + j*p + t = 12. Suppose 4*g = -16, p*g = m - 0*m - 101. Is m a composite number?
True
Is 1710459/6 + 150/60 a composite number?
False
Is 1836740/8*24/60 composite?
False
Let a be (-4 + 7)/((-3)/(-3)). Suppose a*i - 4*w - 10921 = 0, -4*i - w + 1923 = -12632. Is i composite?
True
Let s = 62 + -56. Let l be (-2 + -3 + s)/(1/(-74)). Let z = l + 220. Is z a composite number?
True
Is (5*(-24402681)/(-540))/(1/4) a prime number?
True
Let d = 7053 - 10967. Let k = d + 16385. Is k composite?
True
Let a be 85371*((-1)/(-3) - (-2)/3). Suppose 23635 = -8*n + a. Is n prime?
True
Let b = 48 + -46. Let l be (4 - 91/21)/(b/(-30)). Is (l - 3)*1346/2 composite?
True
Let h(c) = c**3 - 6*c**2 + c + 8. Let r be h(5). Let x be (0 + 2 - 2)/(r - -13). Suppose -2*g + x*g + 48 = -2*b, -2*g - 4*b + 36 = 0. Is g prime?
False
Suppose -3 = 4*k + 1, 0 = 4*z - 4*k - 4. Suppose 3*q + 9 + 0 = 0, z = 2*d - 4*q - 1628. Suppose 4*u - 3*h - d = 0, 4*u + 0*h - 4*h = 812. Is u a prime number?
True
Let k(c) = -25*c + 42. Let s be k(2). Is 6/(-16) + (8 - 107227/s) a prime number?
True
Suppose -3*y = -6*y, 3*o + 5*y - 12 = 0. Suppose 2795 = o*n - 5817. Is n a prime number?
True
Suppose 8*h - 69322 = 7*h + 5*i, 3*h - 208061 = -4*i. Is h composite?
True
Let p(f) = 3169*f**2 - 163*f - 729. Is p(-4) a prime number?
True
Let b = 11339 - 5261. Suppose -3*s = b - 45441. Is s prime?
True
Let w(u) = 9*u**2 - 9*u - 7. Let k(d) = 8*d**2 - 9*d - 6. Let t(m) = -6*k(m) + 7*w(m). Is t(4) a composite number?
False
Suppose -20 = -18*m - 20. Suppose -k + 0*k - 2928 = -y, -4*y + 2*k + 11710 = m. Is y a prime number?
True
Let k = -325 - -549. Suppose 3*c = -5*u + k, -5*c = -4*u + 29 + 128. Is u a prime number?
True
Let h(j) = 8*j**3 - 3*j**2 + 9*j - 9. Let z be (-21)/(-63)*(14 + 1*-2). Is h(z) composite?
False
Suppose -4*s - 94 = -2*l, 0 = -2*s - 5*l + 3*l - 62. Let i = s - -101. Suppose -2*o + i = -r - 73, -o - r = -74. Is o a composite number?
True
Let l = -92261 + 206404. Is l composite?
False
Suppose -290*t + 11723372 + 321813 + 10116905 = 0. Is t a composite number?
False
Let v = 7252 - 3581. Is v a composite number?
False
Suppose 3*k + 4*x = 207072, x + 52553 = -2*k + 190606. Suppose -418*n = -422*n + k. Is n a prime number?
True
Let x = 42 - 39. Suppose q + 2*j - 1119 = 0, -4*j + 1123 = x*q - 2*q. Is q prime?
False
Suppose 61 + 67 = -4*q. Let g(u) = u**3 + 43*u**2 - 11*u - 47. Is g(q) a composite number?
True
Suppose 9*u - 16071 = -3354. Let s = 5272 - u. Is s a composite number?
True
Let z(b) = 1658*b + 33. Let y be z(20). Suppose -8*w = 6449 - y. Is w a prime number?
True
Let y(q) = -q**3 - 11*q**2 - 52*q - 19. Let m be y(-11). Suppose -5*w + f = -5756 - m, 4*w = -2*f + 5050. Is w prime?
False
Suppose 14*i = -12*i - 260. Is 12/i*(-4 + 25576/(-16)) a composite number?
True
Let j(l) = l**3 - 4*l**2 + 10*l - 7. Let n be j(2). Suppose -3*a = -5*w - 5, -31 = -n*w - 4*a - 1. Is w + 5007/12 - 1/4 a prime number?
True
Is (33/627)/((-14)/(-16976918)) prime?
True
Suppose 2*z - z = -70. Let j = z 